 - 3 = 3*d, -3*d = -3*o - 18. What is the remainder when 29 is divided by (-84)/o + 2/v?
5
Suppose 4*l - 6*l + 36 = 0. What is the remainder when 107 is divided by l?
17
Suppose -2*b + 5*b = 4*n + 29, 0 = 2*b + n - 23. Calculate the remainder when 29 is divided by b.
7
Let f = 26 + 3. Calculate the remainder when f is divided by 8.
5
Calculate the remainder when 14 is divided by (-30)/(-4) + 2/4.
6
Let v(c) = -3*c. Let k be v(-1). Suppose -2*l + 25 = -4*l + k*g, -3*l + 4*g - 35 = 0. Calculate the remainder when (l/(-4))/((-2)/(-48)) is divided by 16.
14
Suppose -16 = -3*j - j. Let u(s) = 5*s - 5. Let z be u(j). Suppose 2*n = 3*o - 2*n - 9, 5*o - z = 5*n. What is the remainder when 4 is divided by o?
1
Calculate the remainder when 29 is divided by (-1177)/(-77) - (-2)/(-7).
14
Let j(u) = 4*u**2 + 6*u + 1. What is the remainder when j(-4) is divided by 11?
8
Suppose 6*g - 37 = 4*g - 5*l, -l = 2*g - 49. Calculate the remainder when 74 is divided by g.
22
Let i = 127 + -53. What is the remainder when i is divided by 19?
17
Let b = -4 - -9. Let i = 10 + -7. Calculate the remainder when b is divided by i.
2
Suppose -2*j + 0*j = -4*r - 32, -j + 12 = -r. Let t(p) be the first derivative of p**2 - 5*p + 3. What is the remainder when 32 is divided by t(j)?
10
Let f = -1 + 1. Suppose -t + 3 = f, -2*o + 29 = -t - 0*t. Calculate the remainder when 45 is divided by o.
13
Suppose 2*a = -2*n + n + 33, a = 4*n - 6. Suppose 4*s + 12 - 116 = 0. Calculate the remainder when s is divided by a.
12
Suppose 3*s + 0*s - 99 = 0. Calculate the remainder when s is divided by 12.
9
Let d be (-36)/(-10) - 9/15. Suppose d*r - 160 = -2*r. Calculate the remainder when r is divided by 17.
15
Let u be 8/(-6)*(0 - 3). Suppose -4 = 2*c, 0*y + u*y = c + 58. What is the remainder when 27 is divided by y?
13
Let n be (-38)/4 - (-1)/(-2). Calculate the remainder when 51 is divided by ((-8)/n)/((-20)/(-450)).
15
Let f = 7 + -3. Suppose -5*d + 3*l + 87 = -0*l, l - 56 = -f*d. Calculate the remainder when 42 is divided by d.
12
Suppose 2*d - 2*x - 158 = -3*d, 4*d = x + 124. Calculate the remainder when 83 is divided by d.
23
Suppose -g + 2 = -1. Let q = 6 - g. What is the remainder when 8 is divided by q?
2
Let z = -50 - -63. Calculate the remainder when 24 is divided by z.
11
Suppose 4*p - 25 - 23 = 0. What is the remainder when p is divided by 7?
5
Let n(i) = -3*i + 1. Suppose 4 - 2 = u. Suppose 2*b - 5*w - 18 = 0, 0 = u*b + 2*b - 3*w - 8. What is the remainder when 11 is divided by n(b)?
3
Let c = 15 + 0. Let o = -6 - -8. Suppose -o*x = x - 87. Calculate the remainder when x is divided by c.
14
Let y(v) = 11*v + 1. Let n(p) = p**3 + 7*p**2 + 6*p. Calculate the remainder when y(5) is divided by n(-5).
16
Let b(n) = -n. Let z(g) = g**3 + 7*g**2 + 6*g + 1. Let x(v) = 2*b(v) - z(v). Calculate the remainder when 21 is divided by x(-6).
10
Let n = 48 - 24. Let t(l) = l**3 + 11*l**2 + 20*l + 15. Calculate the remainder when t(-8) is divided by n.
23
What is the remainder when 14 is divided by 64/(-48)*(-2 + -1)?
2
Let d(v) = v**3 + 4*v**2 - 4*v + 7. Suppose 4*a + 23 = -3*z, 5*a - 4*z + 11 = -10. Let i be d(a). Calculate the remainder when 37 is divided by (3 - i)*1 + 12.
11
Suppose 0 = 2*u - 0*u - 4. What is the remainder when 2 is divided by u?
0
Suppose -5*h + h = -12, 2*s - 4*h - 10 = 0. What is the remainder when 34 is divided by s?
1
Let b(j) = -5*j - 4. Let s be (-6)/4*2*1. What is the remainder when b(-7) is divided by (-3)/(-2)*(-32)/s?
15
Suppose -24 = -4*r + 44. Let k = r + -6. What is the remainder when k is divided by 6?
5
Suppose 4*o + 16 - 52 = 0. What is the remainder when 16 is divided by o?
7
Suppose -2*l - 29 = -7*l + 4*n, -3 = -l - 2*n. Calculate the remainder when 11 is divided by l.
1
Suppose v + 55 = 5*a, -a - 2*v + 5 + 6 = 0. Calculate the remainder when a is divided by 5.
1
Suppose h - 77 = -0*h + 2*m, 3*m = -2*h + 140. Calculate the remainder when h is divided by 38.
35
Let q(v) = 2*v**2 + v - 5. What is the remainder when q(5) is divided by 18?
14
Let y = -72 + 84. What is the remainder when 202/6 - (-1)/3 is divided by y?
10
Let a(o) = o**2 + 4*o + 4. Calculate the remainder when 149 is divided by a(3).
24
Calculate the remainder when (-36)/(-1) + (-3 - 0) is divided by 17 + 2 + -1*1.
15
Let o(f) = -50*f**2 + 1. Let a be o(1). Let j = -25 - a. What is the remainder when j is divided by 5?
4
Let s = -36 + 52. Let m be (2 + 0)*(-93)/(-6). Suppose -m - 89 = -4*t. Calculate the remainder when t is divided by s.
14
Let j = -8 - -17. What is the remainder when j is divided by 6?
3
Suppose 0 = 6*l - 2*l. Suppose -2 = -m - l*m. Suppose 4*u = m*u + 38. Calculate the remainder when u is divided by 7.
5
Let n(r) = -r**3 - 7*r**2 - 6*r - 1. Calculate the remainder when n(-7) is divided by 14.
13
Let i(w) = w**3 + 6*w**2 + 3*w - 3. Calculate the remainder when 55 is divided by i(-3).
10
Suppose x + 4*q + 11 = 0, 2*q + 19 = x - 0*q. Suppose -2*g = 6*g - 200. Calculate the remainder when g is divided by x.
7
Let j(v) = -v**2 + 7*v - 2. Let q be j(5). Let t(x) = x**2 - 6*x - 6. What is the remainder when t(q) is divided by 6?
4
Let b(u) = u**3 + 1. Suppose 2*s - 20 = -3*s, -4 = -3*t + 2*s. Suppose c = 0, -t*g + 3*c = g. What is the remainder when 1 is divided by b(g)?
0
Let x(v) = v + 10. What is the remainder when (-738)/(-14) + -3 - 4/(-14) is divided by x(7)?
16
Let c = 37 + -20. Let x(t) = 3*t - 1. Let h be x(2). Suppose 0 = h*j - 4*o - 181, -4*j + 3*o = -3 - 141. Calculate the remainder when j is divided by c.
16
Let j = -19 + 27. Calculate the remainder when 21 is divided by j.
5
Suppose 0 = v - 2*v + 4*i + 24, -3*v + 8 = 4*i. What is the remainder when 109 is divided by v?
5
Suppose -5*n = 3*i - 49, -4*i - 2*n + 10 = -60. What is the remainder when i is divided by 7?
4
Suppose o - 22 = -0*o. Suppose l + 10 = o. Calculate the remainder when 32 is divided by l.
8
Suppose 8 = c + 3*r, -4*r + 7 + 5 = 0. Calculate the remainder when 0 + 32 - (c - 0) is divided by 12.
9
Let h be 0/3*(-1)/(-2). Suppose 0 = m + 2 - h. Calculate the remainder when -17*3/6*m is divided by 6.
5
Let x(z) = z**3 + 16*z**2 - 39*z - 34. What is the remainder when ((-2)/(-3))/(8/708) is divided by x(-18)?
19
What is the remainder when (-2 + 5)/((-6)/(-94)) is divided by 12?
11
Suppose -5*u = m - 105, 2*m + 11 + 10 = u. Calculate the remainder when u is divided by 18.
3
Let g be (43 - (1 - 0)) + -2. Suppose 2*f = 6*f - 28. Let t = f + g. Calculate the remainder when t is divided by 16.
15
Suppose -2*w + 29 = g + 2*g, -5*w = -4*g - 15. Suppose 0 = -0*t + t - 25. Calculate the remainder when t is divided by w.
4
Let p(u) = -u + 17. What is the remainder when 35 is divided by p(-2)?
16
Let g(f) = 94*f**2 + f - 1. Calculate the remainder when g(1) is divided by 12.
10
Suppose -8*d + 23 + 89 = 0. Let b(z) = z - 5. What is the remainder when d is divided by b(9)?
2
Let x = -1 - -3. Suppose 5*q - 34 = 5*r - 254, -2*r - 5*q = -67. Suppose -j + x = j, -5*y - j = -r. What is the remainder when y is divided by 5?
3
Calculate the remainder when 57 is divided by (-24)/(-4)*(1 + (-9)/(-6)).
12
Let c be (4/2 - 4) + -48. Let g = c + 95. Calculate the remainder when g is divided by 12.
9
Let b = 32 - -2. Let j = 8 - 8. Suppose 2*d - 24 = -j*d. Calculate the remainder when b is divided by d.
10
Let w(d) = d - 8. Let p be w(11). Suppose q + q = -4*c + 36, 14 = c + p*q. Calculate the remainder when 22 is divided by c.
6
Let j(v) = 12*v**3 + 2*v**2 - 3*v + 1. Calculate the remainder when 82 is divided by j(1).
10
Suppose -l + 6 = 2*a, -5*l - a - 6 = -3*a. Suppose -3*c = -l*c - 39. What is the remainder when 25 is divided by c?
12
Let p = 1 + 2. Suppose 0 = -p*h - 15, -5*b + 2*h + 55 = 5*h. Let m = -8 + 16. What is the remainder when b is divided by m?
6
Suppose -u = -v + 8, 5*v - 1 = -5*u - 11. What is the remainder when 9 is divided by v?
0
Let r = -6 - -12. Let d be 2*2/(-4)*-5. Suppose d = -4*s + 21. What is the remainder when r is divided by s?
2
Let u = -6 + 8. Calculate the remainder when ((-10)/5)/(u/(-37)) is divided by 10.
7
Let z(n) = n**3 + n**2 + n - 1. Let p be z(1). Suppose y = 2*q - 0*y - 184, -p*q = 2*y - 172. What is the remainder when q is divided by 31?
28
Let m = 1 - 1. Suppose -r - 4*r + 165 = m. Calcu